
What is the highest common factor of 117 and 533?
13
What is the greatest common factor of 90 and 54?
18
What is the greatest common factor of 1085 and 70?
35
What is the highest common factor of 2081 and 1?
1
What is the greatest common divisor of 192 and 3?
3
What is the highest common divisor of 217 and 93?
31
What is the greatest common divisor of 516 and 172?
172
What is the highest common factor of 38 and 722?
38
What is the greatest common factor of 91 and 2457?
91
What is the highest common factor of 107 and 1819?
107
Calculate the greatest common divisor of 334 and 16.
2
What is the greatest common factor of 75 and 1225?
25
What is the greatest common divisor of 2334 and 12?
6
What is the highest common divisor of 44 and 253?
11
Calculate the highest common divisor of 39 and 104.
13
Calculate the highest common divisor of 248 and 64.
8
Calculate the greatest common factor of 9 and 99.
9
What is the highest common factor of 2461 and 321?
107
What is the greatest common factor of 38 and 19570?
38
What is the highest common divisor of 21 and 336?
21
Calculate the greatest common divisor of 196 and 4606.
98
What is the highest common divisor of 44104 and 888?
296
Calculate the greatest common divisor of 74 and 592.
74
What is the highest common factor of 217 and 31?
31
What is the greatest common divisor of 608 and 800?
32
Calculate the highest common factor of 72 and 312.
24
What is the highest common divisor of 4183 and 267?
89
Calculate the greatest common divisor of 996 and 17596.
332
What is the greatest common factor of 84 and 5604?
12
Calculate the greatest common divisor of 5738 and 151.
151
What is the highest common factor of 66 and 2530?
22
Calculate the greatest common factor of 6655 and 110.
55
What is the highest common factor of 122 and 305?
61
Calculate the greatest common divisor of 18 and 27.
9
Calculate the highest common factor of 25 and 125.
25
Calculate the greatest common factor of 460 and 276.
92
What is the greatest common divisor of 322 and 8?
2
What is the greatest common factor of 146 and 511?
73
What is the greatest common factor of 30 and 7940?
10
What is the highest common factor of 140 and 2780?
20
Calculate the greatest common factor of 80 and 64.
16
Calculate the greatest common divisor of 14 and 14.
14
Calculate the greatest common factor of 670 and 70.
10
Calculate the highest common divisor of 3875 and 155.
155
Calculate the highest common divisor of 178 and 22962.
178
What is the greatest common divisor of 710 and 10?
10
What is the greatest common divisor of 21 and 112?
7
What is the highest common divisor of 3 and 2283?
3
What is the greatest common factor of 714 and 182?
14
Calculate the greatest common divisor of 45 and 1026.
9
Calculate the greatest common divisor of 1209 and 13.
13
Calculate the greatest common factor of 620 and 160.
20
Calculate the greatest common divisor of 289 and 51.
17
Calculate the greatest common factor of 625 and 25.
25
What is the highest common divisor of 65 and 975?
65
What is the highest common divisor of 73 and 146?
73
What is the highest common factor of 20 and 580?
20
Calculate the highest common factor of 13278 and 6.
6
Calculate the greatest common divisor of 22419 and 636.
159
What is the highest common divisor of 403 and 31?
31
What is the highest common factor of 1077 and 12?
3
What is the highest common divisor of 32 and 608?
32
Calculate the highest common divisor of 116 and 16.
4
What is the greatest common divisor of 872 and 16?
8
Calculate the highest common divisor of 21 and 9611.
7
Calculate the greatest common factor of 55464 and 24.
24
Calculate the greatest common factor of 74 and 259.
37
What is the greatest common divisor of 24 and 104?
8
What is the greatest common divisor of 2270 and 5?
5
What is the greatest common divisor of 117 and 1794?
39
Calculate the greatest common factor of 45 and 4095.
45
Calculate the highest common divisor of 110 and 2090.
110
Calculate the greatest common divisor of 75 and 2655.
15
Calculate the greatest common factor of 774 and 86.
86
Calculate the greatest common divisor of 180 and 660.
60
Calculate the highest common factor of 80 and 2000.
80
What is the highest common factor of 14 and 63?
7
Calculate the highest common divisor of 1280 and 20.
20
What is the highest common factor of 3007 and 194?
97
What is the greatest common factor of 33 and 165?
33
What is the highest common factor of 945 and 90?
45
What is the highest common divisor of 252 and 612?
36
Calculate the greatest common factor of 116 and 4.
4
What is the greatest common divisor of 987 and 893?
47
Calculate the greatest common factor of 80 and 30.
10
Calculate the highest common factor of 121 and 20328.
121
Calculate the highest common factor of 230 and 106.
2
Calculate the greatest common divisor of 9197 and 17.
17
What is the greatest common divisor of 55 and 143?
11
What is the greatest common factor of 6 and 66?
6
Calculate the highest common factor of 26 and 299.
13
Calculate the greatest common factor of 4554 and 44.
22
Calculate the highest common factor of 2850 and 57.
57
What is the greatest common factor of 96 and 228?
12
Calculate the greatest common factor of 378 and 28.
14
What is the greatest common factor of 34 and 1088?
34
Calculate the highest common factor of 5461 and 254.
127
Calculate the greatest common divisor of 704 and 160.
32
Calculate the greatest common divisor of 155 and 279.
31
Calculate the highest common divisor of 185 and 5.
5
Calculate the highest common divisor of 7399 and 49.
49
What is the highest common divisor of 11 and 1793?
11
What is the greatest common factor of 5882 and 34?
34
What is the highest common factor of 96 and 1608?
24
What is the highest common factor of 100 and 75?
25
What is the greatest common factor of 915 and 60?
15
Calculate the highest common factor of 928 and 160.
32
Calculate the highest common factor of 72 and 378.
18
Calculate the highest common factor of 110 and 440.
110
What is the highest common divisor of 92 and 621?
23
What is the greatest common factor of 190 and 990?
10
What is the highest common factor of 930 and 45?
15
Calculate the highest common factor of 16 and 14576.
16
What is the greatest common divisor of 96 and 1536?
96
What is the highest common divisor of 22 and 407?
11
Calculate the highest common factor of 3591 and 114.
57
What is the greatest common factor of 43 and 61189?
43
What is the greatest common divisor of 472 and 16?
8
Calculate the greatest common factor of 5957 and 14.
7
Calculate the greatest common factor of 84 and 12.
12
What is the highest common divisor of 30 and 1815?
15
What is the greatest common factor of 10 and 1135?
5
Calculate the highest common factor of 205 and 738.
41
Calculate the greatest common factor of 24912 and 144.
144
What is the greatest common divisor of 7206 and 24?
6
Calculate the greatest common divisor of 76 and 608.
76
Calculate the highest common divisor of 704 and 11.
11
Calculate the greatest common divisor of 55 and 115.
5
What is the highest common factor of 544 and 476?
68
What is the highest common factor of 140 and 13820?
20
What is the highest common factor of 75 and 525?
75
What is the greatest common divisor of 4 and 82?
2
What is the greatest common divisor of 3500 and 80?
20
What is the greatest common divisor of 315 and 1505?
35
Calculate the highest common divisor of 96 and 1248.
96
Calculate the highest common factor of 88 and 484.
44
What is the greatest common divisor of 3901 and 83?
83
Calculate the highest common divisor of 64 and 864.
32
What is the greatest common factor of 11 and 264?
11
Calculate the highest common divisor of 1312 and 41.
41
What is the highest common divisor of 12 and 8?
4
Calculate the highest common divisor of 385 and 308.
77
Calculate the highest common divisor of 19 and 76.
19
Calculate the greatest common factor of 24500 and 25.
25
What is the highest common factor of 11 and 297?
11
What is the highest common divisor of 2130 and 30?
30
What is the highest common factor of 18 and 978?
6
Calculate the highest common factor of 110 and 50.
10
What is the highest common factor of 98 and 16?
2
What is the greatest common divisor of 200 and 160?
40
What is the highest common fa